In base 4, what is -10121 - -22333301?
22323120
In base 6, what is 4430 + -535535?
-531105
In base 8, what is 232155145 - -25?
232155172
In base 8, what is 40122211 + 1?
40122212
In base 4, what is 11 + 23312022010032?
23312022010103
In base 4, what is 10 + -13310221333?
-13310221323
In base 3, what is 101211020200 + 211?
101211021111
In base 12, what is 134 - 762214?
-7620a0
In base 7, what is -1133066303 + 4?
-1133066266
In base 9, what is 2382161 + 6?
2382167
In base 2, what is -1111001011110 - 11101011?
-1111101001001
In base 13, what is -12651 + 21c?
-12432
In base 12, what is -1059666b0 - -5?
-1059666a7
In base 3, what is -21 + -10110110210211000?
-10110110210211021
In base 10, what is -26057 + 11874?
-14183
In base 7, what is 3000 + 6144?
12144
In base 6, what is -440311225415 + -3?
-440311225422
In base 11, what is 15 + -101861a?
-1018605
In base 7, what is -51316 + -32615?
-114234
In base 16, what is 48851 - 36?
4881b
In base 16, what is 2085feb - 1?
2085fea
In base 6, what is -1124303 + -20533?
-1145240
In base 10, what is -7130 + 47?
-7083
In base 9, what is -8 + -36711054?
-36711063
In base 2, what is 10000101001000100110111110011 + -101?
10000101001000100110111101110
In base 9, what is 55501658 - -23?
55501682
In base 15, what is -4 - 142dad5?
-142dad9
In base 10, what is -5 + 10132662?
10132657
In base 12, what is -605ab33 - -2?
-605ab31
In base 5, what is -1143 - -222133223?
222132030
In base 12, what is -215 - 30992?
-30ba7
In base 16, what is 47 + -111c25?
-111bde
In base 5, what is 3110130 - 131203?
2423422
In base 5, what is -1223410410 - -30?
-1223410330
In base 5, what is -2 + 1201324211?
1201324204
In base 7, what is 611504 - 23001?
555503
In base 9, what is 477 - 254208?
-253621
In base 16, what is -1f6 + 48adb?
488e5
In base 12, what is -5 + 1012b061?
1012b058
In base 5, what is -133422032333 + 4?
-133422032324
In base 10, what is -2 + -5957017?
-5957019
In base 8, what is -126 + 1232304?
1232156
In base 2, what is 100100010111111000 + 1010100?
100100011001001100
In base 12, what is 4a065906 + -3?
4a065903
In base 14, what is -b7106dd3 + -4?
-b7106dd7
In base 10, what is 54543122 - -3?
54543125
In base 8, what is -2223544 - 0?
-2223544
In base 13, what is 7c6 - -4b0a?
5603
In base 16, what is 13a2 - -8a3?
1c45
In base 3, what is -20121112002000 - 1?
-20121112002001
In base 11, what is 4 - -18993a7?
1899400
In base 8, what is -75 - 2707553?
-2707650
In base 5, what is 200331004 + -101?
200330403
In base 15, what is -1a8 - -1109?
e51
In base 4, what is -20212200101 - 30?
-20212200131
In base 14, what is 1b + 2c5ad8?
2c5b15
In base 8, what is 114333264 + 1?
114333265
In base 6, what is 1 + 332100205?
332100210
In base 6, what is -11214235 - 235?
-11214514
In base 5, what is 1122112 + -12403?
1104204
In base 14, what is -651 + -651?
-ca2
In base 8, what is 3502363 - 70?
3502273
In base 7, what is -53154045 + 12?
-53154033
In base 3, what is -1121012211 + -2112000?
-1200201211
In base 13, what is -22 + -120b87?
-120ba9
In base 13, what is 1553 - 13?
1540
In base 6, what is 0 - 1155151313?
-1155151313
In base 13, what is -a9682 + 1?
-a9681
In base 13, what is -16 - -24840b1?
2484098
In base 8, what is -4 + 24707514?
24707510
In base 6, what is -24 + -24522233?
-24522301
In base 15, what is 186ca5 - -4?
186ca9
In base 16, what is -11 - 1eec15?
-1eec26
In base 3, what is -11220111002222101 + 11?
-11220111002222020
In base 11, what is 363759 - -4?
363762
In base 10, what is 22293541 + -26?
22293515
In base 9, what is -680132 + -47?
-680180
In base 7, what is -1 + 250634152?
250634151
In base 9, what is 68564463 - -1?
68564464
In base 16, what is 0 - -3779d02?
3779d02
In base 14, what is 1d47767 + 1?
1d47768
In base 2, what is -1 + -1010111100010010100111010?
-1010111100010010100111011
In base 15, what is 16 + -38ce?
-38b8
In base 6, what is -1445351013 + -5?
-1445351022
In base 12, what is -1558b0 - a?
-1558ba
In base 4, what is 301231332 - 30?
301231302
In base 3, what is -11112112002122020 - -2?
-11112112002122011
In base 9, what is 0 - 81567825?
-81567825
In base 15, what is 3 + d25131?
d25134
In base 4, what is 1022201123 + -32?
1022201031
In base 12, what is -1aab - -513?
-1598
In base 14, what is 9a + 359792?
35984c
In base 7, what is -12 + 15610223?
15610211
In base 3, what is 1020 - -1202200111?
1202201201
In base 10, what is -358160 + 4?
-358156
In base 9, what is 1871512 + 33?
1871545
In base 9, what is 22484160 - 5?
22484154
In base 2, what is 100000101 + -1101110001011001?
-1101101101010100
In base 8, what is -1 - 60276?
-60277
In base 7, what is -3 - -436446111?
436446105
In base 16, what is -182a + -29b?
-1ac5
In base 8, what is 36025 - -71730?
127755
In base 7, what is -2153563 + -26?
-2153622
In base 4, what is -11022201 + 22102113?
11013312
In base 6, what is 15103 + -130453?
-111350
In base 13, what is -258519c - 1?
-25851a0
In base 12, what is -73 + -33322?
-33395
In base 8, what is 1212 + 1070264?
1071476
In base 11, what is -32793 - -1517?
-31277
In base 4, what is -2003332021 - -11?
-2003332010
In base 6, what is -10024145 - 123?
-10024312
In base 12, what is 23 + -4b92494?
-4b92471
In base 9, what is -23425086 - 3?
-23425100
In base 2, what is -1011100111101 - -101100000000?
-110000111101
In base 5, what is -102 - -31301110?
31301003
In base 6, what is -433 - -342224510?
342224033
In base 15, what is -51545e8 - 1?
-51545e9
In base 4, what is -2023013 - 3113202?
-11202221
In base 7, what is -1022353303 + 5?
-1022353265
In base 14, what is 3 - 2924b0a?
-2924b07
In base 3, what is -1220210222000 - 201011?
-1220211200011
In base 15, what is -1b7 + 31d35?
31b6d
In base 8, what is -3450235 + 74?
-3450141
In base 9, what is -1618115 + -203?
-1618318
In base 2, what is -11 - 1111011110001100101000001?
-1111011110001100101000100
In base 12, what is 5 - 6414945b?
-64149456
In base 5, what is -3101303 + -103410?
-3210213
In base 11, what is -286 + 17587?
17301
In base 12, what is 6 + -347a07?
-347a01
In base 14, what is 22 - 486d23?
-486d01
In base 2, what is 1110111011000101010 - 1011011011?
1110111001101001111
In base 7, what is 1 - 113364345?
-113364344
In base 3, what is 212112021000111 + -22?
212112021000012
In base 16, what is 3 - 26616e?
-26616b
In base 5, what is 201 + 200203134?
200203340
In base 15, what is -c + -66813e?
-66814b
In base 6, what is -54235 + 1324?
-52511
In base 13, what is -660c376 + 2?
-660c374
In base 13, what is -66b93 + 1953?
-65240
In base 14, what is -2946 + 3b4?
-2572
In base 4, what is -33230232 + -110?
-33231002
In base 8, what is 57124 + 1557?
60703
In base 5, what is -33434033 + 33?
-33434000
In base 2, what is -1100 + -10100010011001011110000010?
-10100010011001011110001110
In base 13, what is -410 - 41a0?
-45b0
In base 15, what is -45d1eb + -5?
-45d201
In base 10, what is 1579726 + 138?
1579864
In base 10, what is -5 - 3175722?
-3175727
In base 3, what is -11112222 + -21211200?
-110101122
In base 11, what is 467 - -774a68?
775424
In base 12, what is 3718 - 520?
31b8
In base 4, what is -2210031 + 310231?
-1233200
In base 10, what is -615517 - -15?
-615502
In base 13, what is 25 + 135227?
13524c
In base 3, what is -101 - -212210222101?
212210222000
In base 7, what is -422012124 + 3?
-422012121
In base 12, what is 344b41 - 51?
344ab0
In base 3, what is 1121001101002 - 21222?
1121001002010
In base 8, what is 573 + -173760?
-173165
In base 5, what is -11 - -13414011321?
13414011310
In base 11, what is -35799 + 85?
-35714
In base 14, what is -22894 - -6a?
-22828
In base 5, what is 4000022443422 - 2?
4000022443420
In base 8, what is 7 + -3605424?
-3605415
In base 10, what is 198 - -1082473?
1082671
In base 4, what is 212 + 1110133302?
1110200120
In base 6, what is -133134051 - 10?
-133134101
In base 8, what is 21 - 26237057?
-26237036
In base 5, what is 1013120212 - -124?
1013120341
In base 8, what is -60 - -147734?
147654
In base 8, what is -513 - 123101?
-123614
In base 6, what is 41025 - -40201?
121230
In base 8, what is 1117566 + 1442?
1121230
In base 15, what is -4998dc - 1?
-4998dd
In base 11, what is -1764217 + -20a?
-1764426
In base 16, what is -d + 4459580?
4459573
In base 15, what is ac0 - -159b0?
16580
In base 14, what is 224 - 3a321?
-3a0db
In base 4, what is -23030032